{"id":132,"date":"2025-10-30T07:11:16","date_gmt":"2025-10-30T07:11:16","guid":{"rendered":"https:\/\/modrostnarave.si\/?page_id=132"},"modified":"2025-11-10T18:40:22","modified_gmt":"2025-11-10T18:40:22","slug":"svetovanje-mentorstvo-coaching","status":"publish","type":"page","link":"https:\/\/modrostnarave.si\/?page_id=132","title":{"rendered":"Svetovanje \/ mentorstvo"},"content":{"rendered":"\n<p>Ponujamo celostno svetovalno in mentorsko podporo posameznikom ter organizacijam. Na\u0161i programi svetovanja zajemajo osebnostni razvoj, re\u0161evanje \u017eivljenjskih izzivov in podporo pri pomembnih odlo\u010ditvah. Mentorski procesi so usmerjeni v razvoj potencialov, gradnjo samozavesti in doseganje zastavljenih ciljev. Delujemo tako na podro\u010dju osebnega svetovanja kot tudi organizacijskega razvoja in mentorstva za vodje.<\/p>\n\n\n\n<h2 class=\"wp-block-heading\">Vedsko svetovanje<\/h2>\n\n\n\n<p>Vedsko svetovanje vklju\u010duje elemente Vedske modrosti kot so na primer:<\/p>\n\n\n\n<ul class=\"wp-block-list\">\n<li>Jyotish &#8211; analiza in interpretacija rojstne karte<\/li>\n\n\n\n<li>Vastu &#8211; analiza in interpretacija \u017eivljenskega prostora<\/li>\n\n\n\n<li>Joga &#8211; svetovanje na podro\u010dju \u017eivljenskega sloga<\/li>\n\n\n\n<li>Ajurveda &#8211; svetovanje na podro\u010dju prehrane<\/li>\n<\/ul>\n\n\n\n<p>Vedsko svetovanje se za\u010dne s spoznavnim klicem (20 &#8211; 30 minut). Sledi interpretacija rojstne karte (do 90 minut, v \u017eivo ali preko spleta). Po potrebi se organizira nadaljnja sre\u010danja (60 minut, v \u017eivo ali preko spleta) z namenom bolj\u0161e integracije spremembe. V vedsko svetovanje so po presoji vklju\u010deni elementi coachinga.<\/p>\n\n\n\n<h2 class=\"wp-block-heading\">Cenik storitev<\/h2>\n\n\n\n<ul class=\"wp-block-list\">\n<li>Spoznavni klic (20 &#8211; 30 minut) &#8211; brezpla\u010dno<\/li>\n\n\n\n<li>Prvo sre\u010danje z interpretacijo rojstne karte (90 minut) &#8211; 100 EUR<\/li>\n\n\n\n<li>Nadaljnja svetovanja (60 minut) &#8211; 60 EUR<\/li>\n<\/ul>\n\n\n\n<p>Mo\u017eni so tudi druga\u010dni dogovori.<\/p>\n","protected":false},"excerpt":{"rendered":"<p>Ponujamo celostno svetovalno in mentorsko podporo posameznikom ter organizacijam. Na\u0161i programi svetovanja zajemajo osebnostni razvoj, re\u0161evanje \u017eivljenjskih izzivov in podporo pri pomembnih odlo\u010ditvah. Mentorski procesi so usmerjeni v razvoj potencialov, &hellip; <\/p>\n","protected":false},"author":1,"featured_media":0,"parent":0,"menu_order":0,"comment_status":"closed","ping_status":"closed","template":"","meta":{"footnotes":""},"class_list":["post-132","page","type-page","status-publish","hentry"],"yoast_head":"<!-- This site is optimized with the Yoast SEO plugin v26.2 - https:\/\/yoast.com\/wordpress\/plugins\/seo\/ -->\n<title>Svetovanje in mentorstvo \u2013 osebni razvoj | In\u0161titut Modrost Narave<\/title>\n<meta name=\"description\" content=\"Osebno svetovanje ter mentorstvo. Pridru\u017eite se strokovnjakom Modrost narave.\" \/>\n<meta name=\"robots\" content=\"index, follow, max-snippet:-1, max-image-preview:large, max-video-preview:-1\" \/>\n<link rel=\"canonical\" href=\"https:\/\/modrostnarave.si\/?page_id=132\" \/>\n<meta property=\"og:locale\" content=\"sl_SI\" \/>\n<meta property=\"og:type\" content=\"article\" \/>\n<meta property=\"og:title\" content=\"Svetovanje in mentorstvo \u2013 osebni razvoj | In\u0161titut Modrost Narave\" \/>\n<meta property=\"og:description\" content=\"Osebno svetovanje ter mentorstvo. Pridru\u017eite se strokovnjakom Modrost narave.\" \/>\n<meta property=\"og:url\" content=\"https:\/\/modrostnarave.si\/?page_id=132\" \/>\n<meta property=\"og:site_name\" content=\"In\u0161titut Modrost Narave\" \/>\n<meta property=\"article:publisher\" content=\"https:\/\/www.facebook.com\/ModrostNarave\" \/>\n<meta property=\"article:modified_time\" content=\"2025-11-10T18:40:22+00:00\" \/>\n<meta name=\"twitter:card\" content=\"summary_large_image\" \/>\n<meta name=\"twitter:label1\" content=\"Est. reading time\" \/>\n\t<meta name=\"twitter:data1\" content=\"1 minuta\" \/>\n<script type=\"application\/ld+json\" class=\"yoast-schema-graph\">{\"@context\":\"https:\/\/schema.org\",\"@graph\":[{\"@type\":\"WebPage\",\"@id\":\"https:\/\/modrostnarave.si\/?page_id=132\",\"url\":\"https:\/\/modrostnarave.si\/?page_id=132\",\"name\":\"Svetovanje in mentorstvo \u2013 osebni razvoj | In\u0161titut Modrost Narave\",\"isPartOf\":{\"@id\":\"https:\/\/modrostnarave.si\/#website\"},\"datePublished\":\"2025-10-30T07:11:16+00:00\",\"dateModified\":\"2025-11-10T18:40:22+00:00\",\"description\":\"Osebno svetovanje ter mentorstvo. Pridru\u017eite se strokovnjakom Modrost narave.\",\"breadcrumb\":{\"@id\":\"https:\/\/modrostnarave.si\/?page_id=132#breadcrumb\"},\"inLanguage\":\"sl-SI\",\"potentialAction\":[{\"@type\":\"ReadAction\",\"target\":[\"https:\/\/modrostnarave.si\/?page_id=132\"]}]},{\"@type\":\"BreadcrumbList\",\"@id\":\"https:\/\/modrostnarave.si\/?page_id=132#breadcrumb\",\"itemListElement\":[{\"@type\":\"ListItem\",\"position\":1,\"name\":\"Home\",\"item\":\"https:\/\/modrostnarave.si\/\"},{\"@type\":\"ListItem\",\"position\":2,\"name\":\"Svetovanje \/ mentorstvo\"}]},{\"@type\":\"WebSite\",\"@id\":\"https:\/\/modrostnarave.si\/#website\",\"url\":\"https:\/\/modrostnarave.si\/\",\"name\":\"In\u0161titut Modrost Narave\",\"description\":\"Raziskave, svetovanje in coaching z namenom spodbujanja harmoni\u010dnega \u017eivljenjskega sloga.\",\"publisher\":{\"@id\":\"https:\/\/modrostnarave.si\/#organization\"},\"potentialAction\":[{\"@type\":\"SearchAction\",\"target\":{\"@type\":\"EntryPoint\",\"urlTemplate\":\"https:\/\/modrostnarave.si\/?s={search_term_string}\"},\"query-input\":{\"@type\":\"PropertyValueSpecification\",\"valueRequired\":true,\"valueName\":\"search_term_string\"}}],\"inLanguage\":\"sl-SI\"},{\"@type\":\"Organization\",\"@id\":\"https:\/\/modrostnarave.si\/#organization\",\"name\":\"In\u0161titut Modrost Narave\",\"url\":\"https:\/\/modrostnarave.si\/\",\"logo\":{\"@type\":\"ImageObject\",\"inLanguage\":\"sl-SI\",\"@id\":\"https:\/\/modrostnarave.si\/#\/schema\/logo\/image\/\",\"url\":\"https:\/\/modrostnarave.si\/wp-content\/uploads\/2024\/12\/cropped-IMG_0331-scaled-1.jpeg\",\"contentUrl\":\"https:\/\/modrostnarave.si\/wp-content\/uploads\/2024\/12\/cropped-IMG_0331-scaled-1.jpeg\",\"width\":1500,\"height\":1403,\"caption\":\"In\u0161titut Modrost Narave\"},\"image\":{\"@id\":\"https:\/\/modrostnarave.si\/#\/schema\/logo\/image\/\"},\"sameAs\":[\"https:\/\/www.facebook.com\/ModrostNarave\"]}]}<\/script>\n<!-- \/ Yoast SEO plugin. -->","yoast_head_json":{"title":"Svetovanje in mentorstvo \u2013 osebni razvoj | In\u0161titut Modrost Narave","description":"Osebno svetovanje ter mentorstvo. Pridru\u017eite se strokovnjakom Modrost narave.","robots":{"index":"index","follow":"follow","max-snippet":"max-snippet:-1","max-image-preview":"max-image-preview:large","max-video-preview":"max-video-preview:-1"},"canonical":"https:\/\/modrostnarave.si\/?page_id=132","og_locale":"sl_SI","og_type":"article","og_title":"Svetovanje in mentorstvo \u2013 osebni razvoj | In\u0161titut Modrost Narave","og_description":"Osebno svetovanje ter mentorstvo. Pridru\u017eite se strokovnjakom Modrost narave.","og_url":"https:\/\/modrostnarave.si\/?page_id=132","og_site_name":"In\u0161titut Modrost Narave","article_publisher":"https:\/\/www.facebook.com\/ModrostNarave","article_modified_time":"2025-11-10T18:40:22+00:00","twitter_card":"summary_large_image","twitter_misc":{"Est. reading time":"1 minuta"},"schema":{"@context":"https:\/\/schema.org","@graph":[{"@type":"WebPage","@id":"https:\/\/modrostnarave.si\/?page_id=132","url":"https:\/\/modrostnarave.si\/?page_id=132","name":"Svetovanje in mentorstvo \u2013 osebni razvoj | In\u0161titut Modrost Narave","isPartOf":{"@id":"https:\/\/modrostnarave.si\/#website"},"datePublished":"2025-10-30T07:11:16+00:00","dateModified":"2025-11-10T18:40:22+00:00","description":"Osebno svetovanje ter mentorstvo. Pridru\u017eite se strokovnjakom Modrost narave.","breadcrumb":{"@id":"https:\/\/modrostnarave.si\/?page_id=132#breadcrumb"},"inLanguage":"sl-SI","potentialAction":[{"@type":"ReadAction","target":["https:\/\/modrostnarave.si\/?page_id=132"]}]},{"@type":"BreadcrumbList","@id":"https:\/\/modrostnarave.si\/?page_id=132#breadcrumb","itemListElement":[{"@type":"ListItem","position":1,"name":"Home","item":"https:\/\/modrostnarave.si\/"},{"@type":"ListItem","position":2,"name":"Svetovanje \/ mentorstvo"}]},{"@type":"WebSite","@id":"https:\/\/modrostnarave.si\/#website","url":"https:\/\/modrostnarave.si\/","name":"In\u0161titut Modrost Narave","description":"Raziskave, svetovanje in coaching z namenom spodbujanja harmoni\u010dnega \u017eivljenjskega sloga.","publisher":{"@id":"https:\/\/modrostnarave.si\/#organization"},"potentialAction":[{"@type":"SearchAction","target":{"@type":"EntryPoint","urlTemplate":"https:\/\/modrostnarave.si\/?s={search_term_string}"},"query-input":{"@type":"PropertyValueSpecification","valueRequired":true,"valueName":"search_term_string"}}],"inLanguage":"sl-SI"},{"@type":"Organization","@id":"https:\/\/modrostnarave.si\/#organization","name":"In\u0161titut Modrost Narave","url":"https:\/\/modrostnarave.si\/","logo":{"@type":"ImageObject","inLanguage":"sl-SI","@id":"https:\/\/modrostnarave.si\/#\/schema\/logo\/image\/","url":"https:\/\/modrostnarave.si\/wp-content\/uploads\/2024\/12\/cropped-IMG_0331-scaled-1.jpeg","contentUrl":"https:\/\/modrostnarave.si\/wp-content\/uploads\/2024\/12\/cropped-IMG_0331-scaled-1.jpeg","width":1500,"height":1403,"caption":"In\u0161titut Modrost Narave"},"image":{"@id":"https:\/\/modrostnarave.si\/#\/schema\/logo\/image\/"},"sameAs":["https:\/\/www.facebook.com\/ModrostNarave"]}]}},"_links":{"self":[{"href":"https:\/\/modrostnarave.si\/index.php?rest_route=\/wp\/v2\/pages\/132","targetHints":{"allow":["GET"]}}],"collection":[{"href":"https:\/\/modrostnarave.si\/index.php?rest_route=\/wp\/v2\/pages"}],"about":[{"href":"https:\/\/modrostnarave.si\/index.php?rest_route=\/wp\/v2\/types\/page"}],"author":[{"embeddable":true,"href":"https:\/\/modrostnarave.si\/index.php?rest_route=\/wp\/v2\/users\/1"}],"replies":[{"embeddable":true,"href":"https:\/\/modrostnarave.si\/index.php?rest_route=%2Fwp%2Fv2%2Fcomments&post=132"}],"version-history":[{"count":8,"href":"https:\/\/modrostnarave.si\/index.php?rest_route=\/wp\/v2\/pages\/132\/revisions"}],"predecessor-version":[{"id":203,"href":"https:\/\/modrostnarave.si\/index.php?rest_route=\/wp\/v2\/pages\/132\/revisions\/203"}],"wp:attachment":[{"href":"https:\/\/modrostnarave.si\/index.php?rest_route=%2Fwp%2Fv2%2Fmedia&parent=132"}],"curies":[{"name":"wp","href":"https:\/\/api.w.org\/{rel}","templated":true}]}}