{"id":21,"date":"2024-12-23T14:27:17","date_gmt":"2024-12-23T14:27:17","guid":{"rendered":"https:\/\/modrostnarave.si\/?page_id=21"},"modified":"2025-10-30T20:21:14","modified_gmt":"2025-10-30T20:21:14","slug":"contact","status":"publish","type":"page","link":"https:\/\/modrostnarave.si\/?page_id=21","title":{"rendered":"Kontakt"},"content":{"rendered":"\n<h3 class=\"wp-block-heading\">Stopite v stik z nami<\/h3>\n\n\n\n<p>V In\u0161titutu Modrost Narave verjamemo v oseben pristop k zdravemu in harmoni\u010dnemu \u017eivljenju. Pi\u0161ite nam ali nas obi\u0161\u010dite \u2013 z veseljem vam svetujemo!<\/p>\n\n\n\n<h3 class=\"wp-block-heading\"><strong>Kontaktne mo\u017enosti<\/strong><\/h3>\n\n\n\n<ul class=\"wp-block-list\">\n<li>E-po\u0161ta: <a href=\"mailto:info@modrostnarave.si\" target=\"_blank\" rel=\"noreferrer noopener\">info@modrostnarave.si<\/a><\/li>\n\n\n\n<li>Telefon: +386 51 646 415<\/li>\n\n\n\n<li>Naslov: Golnik 46A, 4204 Golnik, Slovenija<\/li>\n\n\n\n<li>Sledite nam: <a href=\"https:\/\/www.facebook.com\/modrostnarave\" target=\"_blank\" rel=\"noreferrer noopener\">Facebook<\/a> [Instagram] [LinkedIn]<\/li>\n<\/ul>\n\n\n<div class=\"wp-block-mailchimp-mailchimp has-medium-font-size\">\n\t\t<div class=\"mc_container\">\n\t\t\t\t\t<h2 class=\"mc_custom_border_hdr\">\n\t\t\t\tNaro\u010di se na e-novice\t\t\t<\/h2>\n\t\t\t\t\t<div id=\"mc_signup_5bba921848_4\">\n\t\t\t<form method=\"post\" action=\"#mc_signup_5bba921848_4\" id=\"mc_signup_form_5bba921848_4\" class=\"mc_signup_form\">\n\t\t\t\t<input type=\"hidden\" class=\"mc_submit_type\" name=\"mc_submit_type\" value=\"html\" \/>\n\t\t\t\t<input type=\"hidden\" name=\"mcsf_action\" value=\"mc_submit_signup_form\" \/>\n\t\t\t\t<input type=\"hidden\" name=\"mailchimp_sf_list_id\" value=\"5bba921848\" \/>\n\t\t\t\t<input type=\"hidden\" name=\"mailchimp_sf_update_existing_subscribers\" value=\"yes\" \/>\n\t\t\t\t<input type=\"hidden\" name=\"mailchimp_sf_double_opt_in\" value=\"yes\" \/>\n\t\t\t\t<input type=\"hidden\" name=\"mailchimp_sf_skip_merge_validation\" value=\"no\" \/>\n\t\t\t\t<input type=\"hidden\" name=\"mailchimp_sf_hash\" value=\"a8bf5724f0a0c69b0a660a00f479de04\" \/>\n\t\t\t\t<input type=\"hidden\" id=\"_mc_submit_signup_form_nonce\" name=\"_mc_submit_signup_form_nonce\" value=\"f6a5c439f3\" \/>\t\t\t\t<div class=\"mc_form_inside\">\n\t\t\t\t\t<div class=\"mc_message_wrapper\">\n\t\t\t\t\t\t\t\t\t\t\t<\/div>\n\n\t\t\t\t\t\n<div class=\"wp-block-mailchimp-mailchimp-form-field\">\n\t\n<div class=\"mc_merge_var\">\n\t\t<label for=\"mc_mv_EMAIL_1\" class=\"mc_var_label mc_header mc_header_email\">E-mail naslov<span class=\"mc_required\">*<\/span><\/label>\n\t<input type=\"text\" size=\"18\" placeholder=\"\" name=\"mc_mv_EMAIL\" id=\"mc_mv_EMAIL_1\" class=\"mc_input\"\/>\n<\/div><!-- \/mc_merge_var --><\/div>\n\n\n\n\n\n\n\n\n<div class=\"wp-block-mailchimp-mailchimp-form-field\">\n\t\n<div class=\"mc_merge_var\">\n\t\t<label for=\"mc_mv_FNAME_2\" class=\"mc_var_label mc_header mc_header_text\">Ime<\/label>\n\t<input type=\"text\" size=\"18\" placeholder=\"\" name=\"mc_mv_FNAME\" id=\"mc_mv_FNAME_2\" class=\"mc_input\"\/>\n<\/div><!-- \/mc_merge_var --><\/div>\n\n\n<div class=\"wp-block-mailchimp-mailchimp-form-field\">\n\t\n<div class=\"mc_merge_var\">\n\t\t<label for=\"mc_mv_LNAME_3\" class=\"mc_var_label mc_header mc_header_text\">Priimek<\/label>\n\t<input type=\"text\" size=\"18\" placeholder=\"\" name=\"mc_mv_LNAME\" id=\"mc_mv_LNAME_3\" class=\"mc_input\"\/>\n<\/div><!-- \/mc_merge_var --><\/div>\n\n\n\n\t\t\t\t\t\t<div class=\"mc-indicates-required\">\n\t\t\t\t\t\t\t* = required field\t\t\t\t\t\t<\/div><!-- \/mc-indicates-required -->\n\t\t\t\t\t\t\t<div style=\"display: none; !important\">\n\t\t<label for=\"mailchimp_sf_alt_email\">Alternative Email:<\/label>\n\t\t<input type=\"text\" name=\"mailchimp_sf_alt_email\" autocomplete=\"off\"\/>\n\t<\/div>\n\t<input type=\"hidden\" class=\"mailchimp_sf_no_js\" name=\"mailchimp_sf_no_js\" value=\"1\" \/>\n\t\t\t\t\t\t<div class=\"mc_signup_submit\">\n\t\t\t\t\t\t<input type=\"submit\" name=\"mc_signup_submit\" class=\"mc_signup_submit_button\" id=\"mc_signup_submit_5bba921848_4\" value=\"Prijava\" class=\"button\" \/>\n\t\t\t\t\t<\/div><!-- \/mc_signup_submit -->\n\n\t\t\t\t\t\t\t\t\t\t\t<div class=\"mc_unsub_link\" align=\"center\">\n\t\t\t\t\t\t\t<a href=\"https:\/\/us1.list-manage.com\/unsubscribe\/?u=63692aa8d2fb128882950f7f5&#038;id=5bba921848\" target=\"_blank\">\n\t\t\t\t\t\t\t\tunsubscribe from list\t\t\t\t\t\t\t<\/a>\n\t\t\t\t\t\t<\/div><!-- \/mc_unsub_link -->\n\t\t\t\t\t\t\t\t\t\t<\/div><!-- \/mc_form_inside -->\n\t\t\t<\/form><!-- \/mc_signup_form -->\n\t\t<\/div><!-- \/mc_signup_container -->\n\t<\/div><!-- \/mc_container -->\n<\/div>\n\n\n\n<h2 class=\"wp-block-heading\">Mo\u017enosti sodelovanja<\/h2>\n\n\n\n<ul class=\"wp-block-list\">\n<li>Individualna svetovanja<\/li>\n\n\n\n<li>Dogovor za delavnico ali predavanje<\/li>\n\n\n\n<li>Partnerstva z organizacijami<\/li>\n<\/ul>\n\n\n\n<h2 class=\"wp-block-heading\">Pogosta vpra\u0161anja<\/h2>\n\n\n\n<ul class=\"wp-block-list\">\n<li>Katere pristope in metode vklju\u010dujemo?\n<ul class=\"wp-block-list\">\n<li>Glede na potrebo vklju\u010dujemo svetovanje (mentorstvo) in coaching. Uporabljene metode izvirajo prete\u017eno iz Vzhoda in vklju\u010dujejo principe starih znanj s podro\u010dja sedanje Indije. Ti so jyotish, vastu, joga, ajurveda, zeli\u0161\u010darstvo &#8230;<\/li>\n<\/ul>\n<\/li>\n\n\n\n<li>Kako potekajo sre\u010danja?\n<ul class=\"wp-block-list\">\n<li>Na uvodnem kratkem sre\u010danju se preveri &#8220;kemija&#8221; na obeh straneh in razumevanje ponujenih storitev.<\/li>\n\n\n\n<li>Na prvem sre\u010danju se poda analizo rojstne karte in pregleda glavne izzive v \u017eivljenju.<\/li>\n\n\n\n<li>V nadalnjih sre\u010danjih se nudi podporo pri vpeljavi sprememb \u017eivljenskih navad, ki so v kombinaciji rojstno karto klju\u010dni za bolj harmoni\u010dno \u017eivljenje.<\/li>\n<\/ul>\n<\/li>\n\n\n\n<li>Ali nudimo svetovanje na daljavo?\n<ul class=\"wp-block-list\">\n<li>Da.<\/li>\n<\/ul>\n<\/li>\n<\/ul>\n\n\n\n<h3 class=\"wp-block-heading\">Politika zasebnosti<\/h3>\n\n\n\n<p>Va\u0161e osebne podatke obravnavamo v skladu z veljavno zakonodajo o varstvu osebnih podatkov. Za ve\u010d informacij si oglejte na\u0161o politiko zasebnosti.<\/p>\n","protected":false},"excerpt":{"rendered":"<p>Stopite v stik z nami V In\u0161titutu Modrost Narave verjamemo v oseben pristop k zdravemu in harmoni\u010dnemu \u017eivljenju. Pi\u0161ite nam ali nas obi\u0161\u010dite \u2013 z veseljem vam svetujemo! Kontaktne mo\u017enosti &hellip; <\/p>\n","protected":false},"author":1,"featured_media":0,"parent":0,"menu_order":0,"comment_status":"closed","ping_status":"closed","template":"","meta":{"footnotes":""},"class_list":["post-21","page","type-page","status-publish","hentry"],"yoast_head":"<!-- This site is optimized with the Yoast SEO plugin v26.2 - https:\/\/yoast.com\/wordpress\/plugins\/seo\/ -->\n<title>Kontakt \u2013 In\u0161titut Modrost Narave | Svetovanja, dogovori in podporne informacije<\/title>\n<meta name=\"description\" content=\"Kontaktni podatki in obrazec za dogovor, sodelovanje ali dodatne informacije \u2013 pi\u0161ite In\u0161titutu Modrost Narave.\" \/>\n<meta name=\"robots\" content=\"index, follow, max-snippet:-1, max-image-preview:large, max-video-preview:-1\" \/>\n<link rel=\"canonical\" href=\"https:\/\/modrostnarave.si\/?page_id=21\" \/>\n<meta property=\"og:locale\" content=\"sl_SI\" \/>\n<meta property=\"og:type\" content=\"article\" \/>\n<meta property=\"og:title\" content=\"Kontakt \u2013 In\u0161titut Modrost Narave | Svetovanja, dogovori in podporne informacije\" \/>\n<meta property=\"og:description\" content=\"Kontaktni podatki in obrazec za dogovor, sodelovanje ali dodatne informacije \u2013 pi\u0161ite In\u0161titutu Modrost Narave.\" \/>\n<meta property=\"og:url\" content=\"https:\/\/modrostnarave.si\/?page_id=21\" \/>\n<meta property=\"og:site_name\" content=\"In\u0161titut Modrost Narave\" \/>\n<meta property=\"article:publisher\" content=\"https:\/\/www.facebook.com\/ModrostNarave\" \/>\n<meta property=\"article:modified_time\" content=\"2025-10-30T20:21:14+00:00\" \/>\n<meta name=\"twitter:card\" content=\"summary_large_image\" \/>\n<meta name=\"twitter:label1\" content=\"Est. reading time\" \/>\n\t<meta name=\"twitter:data1\" content=\"1 minuta\" \/>\n<script type=\"application\/ld+json\" class=\"yoast-schema-graph\">{\"@context\":\"https:\/\/schema.org\",\"@graph\":[{\"@type\":\"WebPage\",\"@id\":\"https:\/\/modrostnarave.si\/?page_id=21\",\"url\":\"https:\/\/modrostnarave.si\/?page_id=21\",\"name\":\"Kontakt \u2013 In\u0161titut Modrost Narave | Svetovanja, dogovori in podporne informacije\",\"isPartOf\":{\"@id\":\"https:\/\/modrostnarave.si\/#website\"},\"datePublished\":\"2024-12-23T14:27:17+00:00\",\"dateModified\":\"2025-10-30T20:21:14+00:00\",\"description\":\"Kontaktni podatki in obrazec za dogovor, sodelovanje ali dodatne informacije \u2013 pi\u0161ite In\u0161titutu Modrost Narave.\",\"breadcrumb\":{\"@id\":\"https:\/\/modrostnarave.si\/?page_id=21#breadcrumb\"},\"inLanguage\":\"sl-SI\",\"potentialAction\":[{\"@type\":\"ReadAction\",\"target\":[\"https:\/\/modrostnarave.si\/?page_id=21\"]}]},{\"@type\":\"BreadcrumbList\",\"@id\":\"https:\/\/modrostnarave.si\/?page_id=21#breadcrumb\",\"itemListElement\":[{\"@type\":\"ListItem\",\"position\":1,\"name\":\"Home\",\"item\":\"https:\/\/modrostnarave.si\/\"},{\"@type\":\"ListItem\",\"position\":2,\"name\":\"Kontakt\"}]},{\"@type\":\"WebSite\",\"@id\":\"https:\/\/modrostnarave.si\/#website\",\"url\":\"https:\/\/modrostnarave.si\/\",\"name\":\"In\u0161titut Modrost Narave\",\"description\":\"Raziskave, svetovanje in coaching z namenom spodbujanja harmoni\u010dnega \u017eivljenjskega sloga.\",\"publisher\":{\"@id\":\"https:\/\/modrostnarave.si\/#organization\"},\"potentialAction\":[{\"@type\":\"SearchAction\",\"target\":{\"@type\":\"EntryPoint\",\"urlTemplate\":\"https:\/\/modrostnarave.si\/?s={search_term_string}\"},\"query-input\":{\"@type\":\"PropertyValueSpecification\",\"valueRequired\":true,\"valueName\":\"search_term_string\"}}],\"inLanguage\":\"sl-SI\"},{\"@type\":\"Organization\",\"@id\":\"https:\/\/modrostnarave.si\/#organization\",\"name\":\"In\u0161titut Modrost Narave\",\"url\":\"https:\/\/modrostnarave.si\/\",\"logo\":{\"@type\":\"ImageObject\",\"inLanguage\":\"sl-SI\",\"@id\":\"https:\/\/modrostnarave.si\/#\/schema\/logo\/image\/\",\"url\":\"https:\/\/modrostnarave.si\/wp-content\/uploads\/2024\/12\/cropped-IMG_0331-scaled-1.jpeg\",\"contentUrl\":\"https:\/\/modrostnarave.si\/wp-content\/uploads\/2024\/12\/cropped-IMG_0331-scaled-1.jpeg\",\"width\":1500,\"height\":1403,\"caption\":\"In\u0161titut Modrost Narave\"},\"image\":{\"@id\":\"https:\/\/modrostnarave.si\/#\/schema\/logo\/image\/\"},\"sameAs\":[\"https:\/\/www.facebook.com\/ModrostNarave\"]}]}<\/script>\n<!-- \/ Yoast SEO plugin. -->","yoast_head_json":{"title":"Kontakt \u2013 In\u0161titut Modrost Narave | Svetovanja, dogovori in podporne informacije","description":"Kontaktni podatki in obrazec za dogovor, sodelovanje ali dodatne informacije \u2013 pi\u0161ite In\u0161titutu Modrost Narave.","robots":{"index":"index","follow":"follow","max-snippet":"max-snippet:-1","max-image-preview":"max-image-preview:large","max-video-preview":"max-video-preview:-1"},"canonical":"https:\/\/modrostnarave.si\/?page_id=21","og_locale":"sl_SI","og_type":"article","og_title":"Kontakt \u2013 In\u0161titut Modrost Narave | Svetovanja, dogovori in podporne informacije","og_description":"Kontaktni podatki in obrazec za dogovor, sodelovanje ali dodatne informacije \u2013 pi\u0161ite In\u0161titutu Modrost Narave.","og_url":"https:\/\/modrostnarave.si\/?page_id=21","og_site_name":"In\u0161titut Modrost Narave","article_publisher":"https:\/\/www.facebook.com\/ModrostNarave","article_modified_time":"2025-10-30T20:21:14+00:00","twitter_card":"summary_large_image","twitter_misc":{"Est. reading time":"1 minuta"},"schema":{"@context":"https:\/\/schema.org","@graph":[{"@type":"WebPage","@id":"https:\/\/modrostnarave.si\/?page_id=21","url":"https:\/\/modrostnarave.si\/?page_id=21","name":"Kontakt \u2013 In\u0161titut Modrost Narave | Svetovanja, dogovori in podporne informacije","isPartOf":{"@id":"https:\/\/modrostnarave.si\/#website"},"datePublished":"2024-12-23T14:27:17+00:00","dateModified":"2025-10-30T20:21:14+00:00","description":"Kontaktni podatki in obrazec za dogovor, sodelovanje ali dodatne informacije \u2013 pi\u0161ite In\u0161titutu Modrost Narave.","breadcrumb":{"@id":"https:\/\/modrostnarave.si\/?page_id=21#breadcrumb"},"inLanguage":"sl-SI","potentialAction":[{"@type":"ReadAction","target":["https:\/\/modrostnarave.si\/?page_id=21"]}]},{"@type":"BreadcrumbList","@id":"https:\/\/modrostnarave.si\/?page_id=21#breadcrumb","itemListElement":[{"@type":"ListItem","position":1,"name":"Home","item":"https:\/\/modrostnarave.si\/"},{"@type":"ListItem","position":2,"name":"Kontakt"}]},{"@type":"WebSite","@id":"https:\/\/modrostnarave.si\/#website","url":"https:\/\/modrostnarave.si\/","name":"In\u0161titut Modrost Narave","description":"Raziskave, svetovanje in coaching z namenom spodbujanja harmoni\u010dnega \u017eivljenjskega sloga.","publisher":{"@id":"https:\/\/modrostnarave.si\/#organization"},"potentialAction":[{"@type":"SearchAction","target":{"@type":"EntryPoint","urlTemplate":"https:\/\/modrostnarave.si\/?s={search_term_string}"},"query-input":{"@type":"PropertyValueSpecification","valueRequired":true,"valueName":"search_term_string"}}],"inLanguage":"sl-SI"},{"@type":"Organization","@id":"https:\/\/modrostnarave.si\/#organization","name":"In\u0161titut Modrost Narave","url":"https:\/\/modrostnarave.si\/","logo":{"@type":"ImageObject","inLanguage":"sl-SI","@id":"https:\/\/modrostnarave.si\/#\/schema\/logo\/image\/","url":"https:\/\/modrostnarave.si\/wp-content\/uploads\/2024\/12\/cropped-IMG_0331-scaled-1.jpeg","contentUrl":"https:\/\/modrostnarave.si\/wp-content\/uploads\/2024\/12\/cropped-IMG_0331-scaled-1.jpeg","width":1500,"height":1403,"caption":"In\u0161titut Modrost Narave"},"image":{"@id":"https:\/\/modrostnarave.si\/#\/schema\/logo\/image\/"},"sameAs":["https:\/\/www.facebook.com\/ModrostNarave"]}]}},"_links":{"self":[{"href":"https:\/\/modrostnarave.si\/index.php?rest_route=\/wp\/v2\/pages\/21","targetHints":{"allow":["GET"]}}],"collection":[{"href":"https:\/\/modrostnarave.si\/index.php?rest_route=\/wp\/v2\/pages"}],"about":[{"href":"https:\/\/modrostnarave.si\/index.php?rest_route=\/wp\/v2\/types\/page"}],"author":[{"embeddable":true,"href":"https:\/\/modrostnarave.si\/index.php?rest_route=\/wp\/v2\/users\/1"}],"replies":[{"embeddable":true,"href":"https:\/\/modrostnarave.si\/index.php?rest_route=%2Fwp%2Fv2%2Fcomments&post=21"}],"version-history":[{"count":9,"href":"https:\/\/modrostnarave.si\/index.php?rest_route=\/wp\/v2\/pages\/21\/revisions"}],"predecessor-version":[{"id":144,"href":"https:\/\/modrostnarave.si\/index.php?rest_route=\/wp\/v2\/pages\/21\/revisions\/144"}],"wp:attachment":[{"href":"https:\/\/modrostnarave.si\/index.php?rest_route=%2Fwp%2Fv2%2Fmedia&parent=21"}],"curies":[{"name":"wp","href":"https:\/\/api.w.org\/{rel}","templated":true}]}}