{"id":9,"date":"2024-12-23T13:29:40","date_gmt":"2024-12-23T13:29:40","guid":{"rendered":"https:\/\/modrostnarave.si\/?page_id=9"},"modified":"2025-10-31T18:15:58","modified_gmt":"2025-10-31T18:15:58","slug":"home","status":"publish","type":"page","link":"https:\/\/modrostnarave.si\/","title":{"rendered":"Domov"},"content":{"rendered":"\n<p><strong>Zakaj smo ustanovili In\u0161titut Modrosti Narave?<\/strong><\/p>\n\n\n\n<p>In\u0161titut Modrost narave se ustanavlja za delo na podro\u010dju raziskovanja, svetovanj in izobra\u017eevanja na vseh ravneh bivanja: telesnem, du\u0161evnem in duhovnem. Zavod je ustanovljen z namenom spodbujanja zdravega in harmoni\u010dnega \u017eivljenjskega sloga ter razvoja celovitega \u010dloveka.<\/p>\n\n\n\n<p>Modreci so \u010dlovekovo naravo spoznavali skozi \u010das po vseh kontinentih sveta. V Indiji in okolici so jih poznali kot ri\u0161ije, v Amerikah kot \u0161amane, v Evropskem prostoru pa kot svetnike, druide in filozofe. \u010cloveka so obravnavali celostno in tudi njegovo vpetost v dru\u017ebo, v kateri je deloval. Njihov namen je bil doseganje celotnega \u010dlovekovega potenciala \u2013 za telesno, du\u0161evno in duhovno zdravje; od rojstva pa do smrti.<\/p>\n\n\n\n<p>S svojimi dejavnostmi \u017eelimo posameznikom omogo\u010diti dostop najprej do Vedske modrosti, ki vklju\u010duje znanja o d\u017eoti\u0161u, vastuju, ajurvede in filozofije joge, ter jih podpreti pri odkrivanju in razumevanju njihovega individualnega \u017eivljenjskega namena in potenciala skozi naravne ritme. Vede so najstarej\u0161i zapis na temo na\u0161ega interesa. Naprej si prizadevamo raziskovati tradicionalne metode zdravljenja, kot so zeli\u0161\u010darstvo, \u0161amanizem ter razli\u010dne manualne tehnike (kot so masa\u017ee in refleksoterapija) ter jih integrirati v sodobno prakso zdravstvenega svetovanja za ohranjanje zdravja in dobrega po\u010dutja. Poleg tradicionalnih znanj nas zanimajo tudi moderna spoznjanja vezana na moderni, hitri \u017eivljenski slog v katerega smo hote ali nehote vpeti.<\/p>\n\n\n\n<p>Skozi organizacijo dogodkov (predavanj, te\u010dajev in delavnic) ter izdajo (tiskanih in spletnih) publikacij \u017eelimo deliti znanje in izku\u0161nje ter \u0161iriti ozave\u0161\u010denost o pomembnosti celostnega pristopa k zdravju in blaginji.<\/p>\n","protected":false},"excerpt":{"rendered":"<p>Zakaj smo ustanovili In\u0161titut Modrosti Narave? In\u0161titut Modrost narave se ustanavlja za delo na podro\u010dju raziskovanja, svetovanj in izobra\u017eevanja na vseh ravneh bivanja: telesnem, du\u0161evnem in duhovnem. Zavod je ustanovljen &hellip; <\/p>\n","protected":false},"author":1,"featured_media":0,"parent":0,"menu_order":0,"comment_status":"closed","ping_status":"closed","template":"","meta":{"footnotes":""},"class_list":["post-9","page","type-page","status-publish","hentry"],"yoast_head":"<!-- This site is optimized with the Yoast SEO plugin v26.2 - https:\/\/yoast.com\/wordpress\/plugins\/seo\/ -->\n<title>Domov \u2013 In\u0161titut Modrost Narave | Zdravje, coaching in starodavna modrost v Sloveniji<\/title>\n<meta name=\"description\" content=\"In\u0161titut Modrost Narave povezuje starodavno vedsko znanje, coaching, ajurvedo in svetovanje za harmoni\u010dno \u017eivljenje v Sloveniji. Odkrijte celosten pristop k zdravju, odnosom in duhovnosti.\" \/>\n<meta name=\"robots\" content=\"index, follow, max-snippet:-1, max-image-preview:large, max-video-preview:-1\" \/>\n<link rel=\"canonical\" href=\"https:\/\/modrostnarave.si\/\" \/>\n<meta property=\"og:locale\" content=\"sl_SI\" \/>\n<meta property=\"og:type\" content=\"article\" \/>\n<meta property=\"og:title\" content=\"Domov \u2013 In\u0161titut Modrost Narave | Zdravje, coaching in starodavna modrost v Sloveniji\" \/>\n<meta property=\"og:description\" content=\"In\u0161titut Modrost Narave povezuje starodavno vedsko znanje, coaching, ajurvedo in svetovanje za harmoni\u010dno \u017eivljenje v Sloveniji. Odkrijte celosten pristop k zdravju, odnosom in duhovnosti.\" \/>\n<meta property=\"og:url\" content=\"https:\/\/modrostnarave.si\/\" \/>\n<meta property=\"og:site_name\" content=\"In\u0161titut Modrost Narave\" \/>\n<meta property=\"article:publisher\" content=\"https:\/\/www.facebook.com\/ModrostNarave\" \/>\n<meta property=\"article:modified_time\" content=\"2025-10-31T18:15:58+00:00\" \/>\n<meta name=\"twitter:card\" content=\"summary_large_image\" \/>\n<meta name=\"twitter:label1\" content=\"Est. reading time\" \/>\n\t<meta name=\"twitter:data1\" content=\"2 minuti\" \/>\n<script type=\"application\/ld+json\" class=\"yoast-schema-graph\">{\"@context\":\"https:\/\/schema.org\",\"@graph\":[{\"@type\":\"WebPage\",\"@id\":\"https:\/\/modrostnarave.si\/\",\"url\":\"https:\/\/modrostnarave.si\/\",\"name\":\"Domov \u2013 In\u0161titut Modrost Narave | Zdravje, coaching in starodavna modrost v Sloveniji\",\"isPartOf\":{\"@id\":\"https:\/\/modrostnarave.si\/#website\"},\"datePublished\":\"2024-12-23T13:29:40+00:00\",\"dateModified\":\"2025-10-31T18:15:58+00:00\",\"description\":\"In\u0161titut Modrost Narave povezuje starodavno vedsko znanje, coaching, ajurvedo in svetovanje za harmoni\u010dno \u017eivljenje v Sloveniji. Odkrijte celosten pristop k zdravju, odnosom in duhovnosti.\",\"breadcrumb\":{\"@id\":\"https:\/\/modrostnarave.si\/#breadcrumb\"},\"inLanguage\":\"sl-SI\",\"potentialAction\":[{\"@type\":\"ReadAction\",\"target\":[\"https:\/\/modrostnarave.si\/\"]}]},{\"@type\":\"BreadcrumbList\",\"@id\":\"https:\/\/modrostnarave.si\/#breadcrumb\",\"itemListElement\":[{\"@type\":\"ListItem\",\"position\":1,\"name\":\"Home\",\"item\":\"https:\/\/modrostnarave.si\/\"},{\"@type\":\"ListItem\",\"position\":2,\"name\":\"Domov\"}]},{\"@type\":\"WebSite\",\"@id\":\"https:\/\/modrostnarave.si\/#website\",\"url\":\"https:\/\/modrostnarave.si\/\",\"name\":\"In\u0161titut Modrost Narave\",\"description\":\"Raziskave, svetovanje in coaching z namenom spodbujanja harmoni\u010dnega \u017eivljenjskega sloga.\",\"publisher\":{\"@id\":\"https:\/\/modrostnarave.si\/#organization\"},\"potentialAction\":[{\"@type\":\"SearchAction\",\"target\":{\"@type\":\"EntryPoint\",\"urlTemplate\":\"https:\/\/modrostnarave.si\/?s={search_term_string}\"},\"query-input\":{\"@type\":\"PropertyValueSpecification\",\"valueRequired\":true,\"valueName\":\"search_term_string\"}}],\"inLanguage\":\"sl-SI\"},{\"@type\":\"Organization\",\"@id\":\"https:\/\/modrostnarave.si\/#organization\",\"name\":\"In\u0161titut Modrost Narave\",\"url\":\"https:\/\/modrostnarave.si\/\",\"logo\":{\"@type\":\"ImageObject\",\"inLanguage\":\"sl-SI\",\"@id\":\"https:\/\/modrostnarave.si\/#\/schema\/logo\/image\/\",\"url\":\"https:\/\/modrostnarave.si\/wp-content\/uploads\/2024\/12\/cropped-IMG_0331-scaled-1.jpeg\",\"contentUrl\":\"https:\/\/modrostnarave.si\/wp-content\/uploads\/2024\/12\/cropped-IMG_0331-scaled-1.jpeg\",\"width\":1500,\"height\":1403,\"caption\":\"In\u0161titut Modrost Narave\"},\"image\":{\"@id\":\"https:\/\/modrostnarave.si\/#\/schema\/logo\/image\/\"},\"sameAs\":[\"https:\/\/www.facebook.com\/ModrostNarave\"]}]}<\/script>\n<!-- \/ Yoast SEO plugin. -->","yoast_head_json":{"title":"Domov \u2013 In\u0161titut Modrost Narave | Zdravje, coaching in starodavna modrost v Sloveniji","description":"In\u0161titut Modrost Narave povezuje starodavno vedsko znanje, coaching, ajurvedo in svetovanje za harmoni\u010dno \u017eivljenje v Sloveniji. Odkrijte celosten pristop k zdravju, odnosom in duhovnosti.","robots":{"index":"index","follow":"follow","max-snippet":"max-snippet:-1","max-image-preview":"max-image-preview:large","max-video-preview":"max-video-preview:-1"},"canonical":"https:\/\/modrostnarave.si\/","og_locale":"sl_SI","og_type":"article","og_title":"Domov \u2013 In\u0161titut Modrost Narave | Zdravje, coaching in starodavna modrost v Sloveniji","og_description":"In\u0161titut Modrost Narave povezuje starodavno vedsko znanje, coaching, ajurvedo in svetovanje za harmoni\u010dno \u017eivljenje v Sloveniji. Odkrijte celosten pristop k zdravju, odnosom in duhovnosti.","og_url":"https:\/\/modrostnarave.si\/","og_site_name":"In\u0161titut Modrost Narave","article_publisher":"https:\/\/www.facebook.com\/ModrostNarave","article_modified_time":"2025-10-31T18:15:58+00:00","twitter_card":"summary_large_image","twitter_misc":{"Est. reading time":"2 minuti"},"schema":{"@context":"https:\/\/schema.org","@graph":[{"@type":"WebPage","@id":"https:\/\/modrostnarave.si\/","url":"https:\/\/modrostnarave.si\/","name":"Domov \u2013 In\u0161titut Modrost Narave | Zdravje, coaching in starodavna modrost v Sloveniji","isPartOf":{"@id":"https:\/\/modrostnarave.si\/#website"},"datePublished":"2024-12-23T13:29:40+00:00","dateModified":"2025-10-31T18:15:58+00:00","description":"In\u0161titut Modrost Narave povezuje starodavno vedsko znanje, coaching, ajurvedo in svetovanje za harmoni\u010dno \u017eivljenje v Sloveniji. Odkrijte celosten pristop k zdravju, odnosom in duhovnosti.","breadcrumb":{"@id":"https:\/\/modrostnarave.si\/#breadcrumb"},"inLanguage":"sl-SI","potentialAction":[{"@type":"ReadAction","target":["https:\/\/modrostnarave.si\/"]}]},{"@type":"BreadcrumbList","@id":"https:\/\/modrostnarave.si\/#breadcrumb","itemListElement":[{"@type":"ListItem","position":1,"name":"Home","item":"https:\/\/modrostnarave.si\/"},{"@type":"ListItem","position":2,"name":"Domov"}]},{"@type":"WebSite","@id":"https:\/\/modrostnarave.si\/#website","url":"https:\/\/modrostnarave.si\/","name":"In\u0161titut Modrost Narave","description":"Raziskave, svetovanje in coaching z namenom spodbujanja harmoni\u010dnega \u017eivljenjskega sloga.","publisher":{"@id":"https:\/\/modrostnarave.si\/#organization"},"potentialAction":[{"@type":"SearchAction","target":{"@type":"EntryPoint","urlTemplate":"https:\/\/modrostnarave.si\/?s={search_term_string}"},"query-input":{"@type":"PropertyValueSpecification","valueRequired":true,"valueName":"search_term_string"}}],"inLanguage":"sl-SI"},{"@type":"Organization","@id":"https:\/\/modrostnarave.si\/#organization","name":"In\u0161titut Modrost Narave","url":"https:\/\/modrostnarave.si\/","logo":{"@type":"ImageObject","inLanguage":"sl-SI","@id":"https:\/\/modrostnarave.si\/#\/schema\/logo\/image\/","url":"https:\/\/modrostnarave.si\/wp-content\/uploads\/2024\/12\/cropped-IMG_0331-scaled-1.jpeg","contentUrl":"https:\/\/modrostnarave.si\/wp-content\/uploads\/2024\/12\/cropped-IMG_0331-scaled-1.jpeg","width":1500,"height":1403,"caption":"In\u0161titut Modrost Narave"},"image":{"@id":"https:\/\/modrostnarave.si\/#\/schema\/logo\/image\/"},"sameAs":["https:\/\/www.facebook.com\/ModrostNarave"]}]}},"_links":{"self":[{"href":"https:\/\/modrostnarave.si\/index.php?rest_route=\/wp\/v2\/pages\/9","targetHints":{"allow":["GET"]}}],"collection":[{"href":"https:\/\/modrostnarave.si\/index.php?rest_route=\/wp\/v2\/pages"}],"about":[{"href":"https:\/\/modrostnarave.si\/index.php?rest_route=\/wp\/v2\/types\/page"}],"author":[{"embeddable":true,"href":"https:\/\/modrostnarave.si\/index.php?rest_route=\/wp\/v2\/users\/1"}],"replies":[{"embeddable":true,"href":"https:\/\/modrostnarave.si\/index.php?rest_route=%2Fwp%2Fv2%2Fcomments&post=9"}],"version-history":[{"count":2,"href":"https:\/\/modrostnarave.si\/index.php?rest_route=\/wp\/v2\/pages\/9\/revisions"}],"predecessor-version":[{"id":47,"href":"https:\/\/modrostnarave.si\/index.php?rest_route=\/wp\/v2\/pages\/9\/revisions\/47"}],"wp:attachment":[{"href":"https:\/\/modrostnarave.si\/index.php?rest_route=%2Fwp%2Fv2%2Fmedia&parent=9"}],"curies":[{"name":"wp","href":"https:\/\/api.w.org\/{rel}","templated":true}]}}